0. Suppose -5*z - 4*k = -45, w = -0*z + 5*z - k. What is the remainder when h is divided by z?
8
Suppose 3*x = -0*x + 15. Calculate the remainder when 12 is divided by x.
2
Suppose 4*u - u = -h + 8, 4*u - 4 = -3*h. Suppose -u*a + 8 = 5*g, 3*a + g + 9 - 26 = 0. Calculate the remainder when 27 is divided by a.
6
Let t = 25 - 23. Suppose -4*b + 56 + 6 = 3*x, 2*x - 46 = t*b. Suppose 0*v = -2*v - 3*u + 89, -4*u + 4 = 0. What is the remainder when v is divided by x?
21
Let s = -35 - -55. Suppose 4*x + s = -z + 2*z, 5*z - x = 62. Suppose 5*n - n = 184. What is the remainder when n is divided by z?
10
Let f = 39 + -23. Suppose -18 = -i - 2*i. Calculate the remainder when f is divided by i.
4
Let y be 6/(-2)*(-2)/3. Let x be y/1 - (11 - -1). Calculate the remainder when 27 is divided by (4/x)/((-7)/175).
7
Let w(z) = -4 + 4 + 0 - 105*z. Let q be w(-1). Suppose -5*x + 0 = -q. What is the remainder when x is divided by 11?
10
Let x = 28 - 13. Calculate the remainder when 57 is divided by x.
12
Let n be (-2)/(-4) + 14/4. Suppose 0 = -o - n*o + 70. What is the remainder when 27 is divided by o?
13
Let v = 4 - 3. Let m be (-3)/9*(-3 + -3). Suppose 5*g + 5*d = 25, -5*g = m*d + 2*d - 21. What is the remainder when g is divided by v?
0
Suppose 0 = 4*k - 2*v - 116, -8*k + 3*k = 2*v - 136. Suppose -9 - 13 = -2*f. Let c = 4 + f. Calculate the remainder when k is divided by c.
13
Let y = -12 - -20. Suppose -p - 4 = -3*c + 12, -2*p - y = 0. Calculate the remainder when 15 is divided by c.
3
Calculate the remainder when 108 is divided by (110/(-1))/((8 + 8)/(-8)).
53
Let x be (-13)/(-2) + (-15)/(-10). Let c be x/(-32) - 26/(-8). Suppose p = -c*p + 76. Calculate the remainder when p is divided by 5.
4
Suppose 3*l - 2*z = 295, 90 = 5*l - 5*z - 395. Suppose 0*m = 2*m - 3*d - 36, 5*m = 2*d + l. What is the remainder when 61 is divided by m?
19
Let p = 187 + -126. Calculate the remainder when p is divided by 13.
9
Suppose 3*w + 7 = 4*l + 4*w, -2*w = 5*l - 5. Calculate the remainder when 7 is divided by l.
1
Let i(d) be the second derivative of -7*d**3/6 - d**2/2 + 2*d. Let c(t) = -6*t**2 + 2*t - 1. Let u be c(1). Calculate the remainder when i(u) is divided by 12.
10
Suppose 0 = 4*d - 45 + 9. Let a be (5/3)/((-10)/(-12)). Suppose -a*o = -o - 5. Calculate the remainder when d is divided by o.
4
Let u be 5/2*(-8)/(-10). Suppose s - 2*s + 5*z = 13, u*s - 10 = z. Calculate the remainder when 13 is divided by s.
6
Let b = 14 + -23. Let v = -6 - b. What is the remainder when 8 is divided by v?
2
Suppose -o = -2*o + 22. What is the remainder when 42 is divided by o?
20
Let z(k) = k**3 + 2*k**2 - k + 5. Calculate the remainder when 12 is divided by z(0).
2
Let b = 17 - 14. What is the remainder when 13 is divided by b?
1
Let o be -10*(-4 + 2)/(-2). Let d = o - -18. What is the remainder when d is divided by 2?
0
Suppose c - 8 = -0*c. Let q = 7 + -4. Calculate the remainder when c is divided by q.
2
Suppose -4*v + a = -57, -a + 9 = 2*a. What is the remainder when (-339)/(-6) + (-1)/(-2) is divided by v?
12
Let w be (-14 - 0)*(-1)/(-2). Let r = w - -12. Suppose 0 = -2*t - 8, -5*b = t + 1 - 7. Calculate the remainder when r is divided by b.
1
Let w be (-4 - -1) + 1 - 3. Let v(t) = 7*t**2 - 1 + 6*t - 2 - 4 + t**3. Calculate the remainder when 50 is divided by v(w).
11
Suppose 5*y - 5*z + 3*z = 18, 20 = -5*z. Suppose l + 15 - 47 = b, y*b - 98 = -4*l. Let d = l + -13. Calculate the remainder when d is divided by 8.
6
Calculate the remainder when 98 is divided by 23 + -1 + (-23 - -26).
23
Let r(h) be the second derivative of h**4/12 - h**3/3 + 3*h**2/2 + 2*h. Let a(l) = -l - 9. Let v be a(-6). What is the remainder when r(v) is divided by 10?
8
Let d(q) = 2*q - 2. Let k be d(3). Suppose w = -w + k. Suppose -4 = 4*i, -3 = -3*r - 4*i + 8. Calculate the remainder when r is divided by w.
1
Suppose -31*y + 35*y = 116. What is the remainder when y is divided by 16?
13
Suppose -v - 5*c + 2 = 0, -c - 1 = 5*v - 11. Suppose -v*s = -51 + 5. What is the remainder when 100/30*(-132)/(-10) is divided by s?
21
Let n = -22 - -70. What is the remainder when n is divided by 25?
23
Calculate the remainder when (-1 + -14)*(-2)/6 is divided by 4.
1
Let h(p) = -6*p - 12. What is the remainder when 70 is divided by h(-5)?
16
Suppose -163 = -2*q + 41. Suppose -s = 2*s - q. Calculate the remainder when s is divided by 9.
7
What is the remainder when 116 is divided by 39*(2/1 - 1)?
38
Suppose 0 = h + 3, -v + 3*h = -4*v + 42. What is the remainder when 79 is divided by v?
11
Let y(k) = k**2 - 4*k - 3. Let s be y(-4). Suppose -s + 81 = 4*m. Calculate the remainder when m is divided by 4.
1
Let f(c) = -c - 5. Let o = 46 - 32. Let p = o - 10. Calculate the remainder when p is divided by f(-8).
1
Calculate the remainder when 12 is divided by (-45)/(-10) + 3/6.
2
Suppose 3*y + 11 - 59 = 0. Suppose 4*s + 66 = 3*o, -o + 1 + y = -3*s. Suppose 0 = 6*z + 2104 - 2158. Calculate the remainder when o is divided by z.
8
Let w = 234 - 226. What is the remainder when 28 is divided by w?
4
Suppose 0 = 5*t - t - 48. What is the remainder when ((-2)/8*2)/(1/(-70)) is divided by t?
11
Suppose 2*h - 10 = -0*h. Suppose 2*l - 5*j = -0*j + 117, 3*j = h*l - 302. What is the remainder when l is divided by 31?
30
Suppose 2*r - 3*r + 40 = 5*o, -3*r = 4*o - 21. What is the remainder when 32 is divided by o?
5
Suppose -3*b - 5*q - 4 = 0, 0*b - 3*q + 9 = -2*b. Suppose -37 = -3*o + 4*s, 15 = 6*s - 3*s. Let t = b + o. Calculate the remainder when t is divided by 6.
4
Let b = -4 + 7. Suppose 2*d + 3*t = -0*t + 7, -4 = -d - 2*t. Calculate the remainder when b is divided by d.
1
Calculate the remainder when 14 is divided by (-11 - -1)*1/(-2).
4
Let f be (-2)/(-4) - (-36)/8. Suppose -4*n - 5 = -2*s - 1, -f*n = -4*s + 14. Let k = -20 - -30. What is the remainder when k is divided by s?
4
Let m = 48 - 34. What is the remainder when m is divided by 5?
4
Let l(c) = 10*c**2 + c + 1. Let b = 6 + 12. Calculate the remainder when b is divided by l(-1).
8
Suppose 6*j - 10 = 2*j + 5*o, 3*j - 8 = 4*o. Suppose -5*b + a + 1447 = -j*b, -6 = -2*a. Calculate the remainder when (-12)/54 - b/(-9) is divided by 11.
10
Let x(i) = -i**2 + 5*i + 94. What is the remainder when x(0) is divided by 16?
14
Suppose 2*h = x + 7*h - 39, -4*h = -x + 48. Suppose 2*r - 1 - 7 = 0. Suppose -2*c + r*m + 10 = -12, -5*m = -10. Calculate the remainder when x is divided by c.
14
Let c(v) = -v**2 - 336. Let q be c(0). What is the remainder when 47 is divided by 2/10 - q/20?
13
Let m = -53 + 27. What is the remainder when 10 is divided by (3/(-2))/(13/m)?
1
Suppose 0*v = 4*v - 64. What is the remainder when 63 is divided by v?
15
Let w be 6*1 - (7 - 5). Suppose 280 - 40 = w*y. Suppose -2*j + 6 = r - 0, 5*j + y = 5*r. What is the remainder when 18 is divided by r?
8
Suppose 3*w + 2*r = w + 92, -2*r - 128 = -3*w. Let f = -2 - -16. Let d = 1 + f. Calculate the remainder when w is divided by d.
14
Suppose -16 = 7*l - 5*l. Let h = 26 + l. What is the remainder when h is divided by 10?
8
Let n = 72 + -68. What is the remainder when 37 is divided by n?
1
Let w(u) = u**3 - 11*u**2 - 6*u. Let l(p) = p**3 - 8*p**2 - 9*p + 12. Let m be l(9). Calculate the remainder when w(m) is divided by 25.
22
Let f(k) = -3*k**3 - 2*k**2 - 2*k. Let t = 4 + -4. Suppose z + z - 10 = t. Calculate the remainder when z is divided by f(-1).
2
Let c = -17 + 6. Let v be 2 - 1 - (-2 - c). Let d = v + 14. What is the remainder when 21 is divided by d?
3
Let k(l) = -3*l + 1. Let i(r) = -r + 3. Let y be i(3). Suppose -4*o + 96 = -y*o. Calculate the remainder when o is divided by k(-4).
11
Suppose 4*k - 92 = -3*p, -4*k = -p + 2*p - 36. Suppose -4*u = 2*v - p, u = -u. What is the remainder when (-254)/(-10) + 3/5 is divided by v?
12
Let l be (27/(-4))/(1/(-4)). Suppose -5*t = -2*t - l. Let w(g) = 8*g - 6. What is the remainder when w(4) is divided by t?
8
Suppose 2*y + 4 = 76. Suppose -2*t = t - y. Let g(z) = -z**3 - 15*z**2 - 25*z + 18. What is the remainder when t is divided by g(-13)?
2
Suppose -3*k = k - 12. What is the remainder when k is divided by 3?
0
Let f(h) be the third derivative of -7*h**6/40 + h**4/24 - h**3/6 + h**2. Let c be f(1). Let z = -11 - c. What is the remainder when 18 is divided by z?
8
Suppose 2*n 